Let y = 616 + x. List the prime factors of y.
3, 239
Let g(o) = 2*o**2 + 29 - 219*o**3 + 32 - o - 62. What are the prime factors of g(-1)?
13, 17
Let u(q) = 609*q + 2. Let j be u(2). List the prime factors of -12 - -13 - j/(-2).
13, 47
Let v = 2216 - -1916. Suppose 1348 - v = -12*l. List the prime factors of l.
2, 29
What are the prime factors of (48/(-30))/((-5)/19200)?
2, 3
Let s(u) = -u - 12. Let b be s(-14). Suppose b*k + 162 = 11*k. Suppose -17*h - 156 = -k*h. What are the prime factors of h?
2, 3, 13
Let p(x) = 3*x + 64. Let u be p(-20). Suppose c = -u*s + 752, 2*c = -s + 4*c + 188. List the prime factors of s.
2, 47
Let l(o) = -6717*o - 3558. What are the prime factors of l(-5)?
3, 10009
Suppose 4*i = 12*i - 40. Suppose -1 = f, -2*k + i*f + 79 + 870 = 0. Let r = -332 + k. What are the prime factors of r?
2, 5, 7
Let x be (-1)/(1 + -2) - -63. Suppose -x*i = -60*i - 2260. Let z = -373 + i. What are the prime factors of z?
2, 3
Suppose 4*u = 2*x - 18, x + 5*u + 1 = -4. Suppose -a + 5*v - 34 = -10, 4*a - x*v = -36. List the prime factors of (5/a)/((-5)/20).
5
Suppose -5*x - 754 = 3*c, x + 103 = 4*c - 57. Let p = x - -598. Suppose -5*b - 106 = -3*o + 2*o, -5*o = 3*b - p. List the prime factors of o.
7, 13
Suppose -19*b = 26*b - 214785. What are the prime factors of b?
3, 37, 43
Let w be ((-5178)/(-18) + (-1)/3)*12. Suppose 20*s = -w + 24568. List the prime factors of s.
2, 3, 11
Suppose 0 = -2*o - 2*m + 24400, 4*m = o + 4*o - 61000. Suppose -12*d + 2*d + o = 0. List the prime factors of d.
2, 5, 61
Suppose -5*x + 57*h = 62*h - 107270, -5*x + 107252 = -h. What are the prime factors of x?
19, 1129
Let h = 4069 + -24. List the prime factors of h.
5, 809
Let m(c) = -4*c**2 + 8*c + 27. Let h be m(-5). Let t = -7 - h. List the prime factors of t.
2, 53
Let o(i) = 19*i + 3. Suppose 82 + 89 = 3*f. Let a = f + -54. List the prime factors of o(a).
2, 3, 5
Suppose -30*o = -23*o - 48461. Suppose -722 = -11*f + o. What are the prime factors of f?
5, 139
Suppose 0 = -19*p + 15*p + 644. What are the prime factors of p/4 - 8/32?
2, 5
Let m(k) = 5*k**2 - 7. Let o be m(4). Let t be (-5)/((-20)/(-4)) + -4*5. Let j = t + o. List the prime factors of j.
2, 13
List the prime factors of ((-444)/20)/((-39)/127010).
2, 37, 977
Let p = 7 - -175. Suppose -2*b = -d + p, 8 = -3*b + 5. List the prime factors of d.
2, 3, 5
Suppose -p = -5*y - 5, -4*y + 3*p = -3*y - 13. Let k be ((-228)/3)/(y/4). Suppose -k = -4*o + 4*j, 3*j - 56 = -3*o + 70. List the prime factors of o.
2, 5
Suppose 26*y = 6*y - 100. Let o(l) = -63*l - 78. What are the prime factors of o(y)?
3, 79
Suppose 5*q = j - 0*j + 210, -4*j = -2*q + 858. What are the prime factors of -4 - j - (4 - 1)?
2, 13
Suppose -2*u + 104 + 790 = 0. Let i = u + -303. What are the prime factors of i?
2, 3
Let z be (2/(-4))/(15/(-180)). Suppose 876 = z*p - 924. What are the prime factors of p?
2, 3, 5
Suppose -12361*d + 12364*d - 22497 = 0. What are the prime factors of d?
7499
Let i(l) = -l**3 + 9*l**2 + 21*l + 5. Let d be i(10). Suppose 65 = 4*n - d. List the prime factors of 39/(-2)*(-150)/n.
5, 13
Suppose 111717 = -2*h + 27*h - 173783. What are the prime factors of h?
2, 5, 571
Let l = 6614 - 5935. List the prime factors of l.
7, 97
Let m = 9325 - 4901. What are the prime factors of m?
2, 7, 79
Let m = -461 - -455. List the prime factors of (833 - -8) + m/(-2).
2, 211
Suppose 4*q - 1628 - 87884 = 5*z, 3*z + 89512 = 4*q. List the prime factors of q.
2, 67, 167
Let l(b) = 6*b + 57. Let t be l(-8). Suppose -w - t*w = -5300. What are the prime factors of w?
2, 5, 53
Suppose -9 - 6 = 15*a. Let f be (256 + 1)*(4 - (-3)/a). Suppose -538 = -3*u - 4*m - 151, f = 2*u + 3*m. What are the prime factors of u?
7, 19
Suppose -88*j = -17*j - 5324361. List the prime factors of j.
3, 7, 3571
Let r = -1882 - -3407. What are the prime factors of r?
5, 61
What are the prime factors of (18/15)/((-28)/(-227900)) + 2/(-14)?
9767
Let a(i) = 3*i - 50. Let l be a(22). Suppose 0 = -l*n + 2235 + 325. What are the prime factors of n?
2, 5
Let f(u) = 16*u + 2. Let o be f(-3). Let k be (5/(-3))/(((-4)/(-51))/(-4)). Let g = k + o. What are the prime factors of g?
3, 13
What are the prime factors of 65304/(-108)*30/(-4)?
5, 907
Let b = 6588 - 2155. List the prime factors of b.
11, 13, 31
Let r(o) be the third derivative of 47/60*o**5 + 0 + 0*o**3 - 2*o**2 + 1/24*o**4 + 0*o. List the prime factors of r(-1).
2, 23
Let m = -3 - -8. Suppose -6*u - 2*j = -9*u, 5*j = -3*u + 21. Suppose -h - m*s = -140, -3*h - 112 = -4*h + u*s. What are the prime factors of h?
2, 3, 5
Let v(j) = 35*j**3 - 4*j**2 - j + 2. Let i be v(-4). Let n = 8089 + -8090. List the prime factors of i/(-36) + n/(-6).
2
Let o = -59 + 62. Suppose 20301 + 9831 = o*r. What are the prime factors of 2/(-5) - (r/(-15))/9?
2, 37
Suppose 2*x + 20 = -5*y, -8*y + 10 = -3*y - 4*x. What are the prime factors of (y - -535)*(-3)/18*-6?
13, 41
Suppose 0 = -8*p + 22 + 10. Suppose p*a = -a + 1020. List the prime factors of a.
2, 3, 17
Let m = -647 + 1081. Suppose z - 410 = -4*t, m = z + 7*t - 9*t. What are the prime factors of z?
2, 3, 71
Let u(i) = 86*i**2 + 231*i - 52. List the prime factors of u(-26).
2, 13, 2003
Let o be (-31502)/95*(-15)/6. Let u = o + -114. List the prime factors of u.
5, 11, 13
Suppose 2*q = -3*i + 16, 5*i - 3*q + 7*q = 28. Suppose -i*p - 5*s + 768 = -3*p, -3*p + s + 2384 = 0. What are the prime factors of (-30)/24 + p/4?
197
Suppose -4*w - 2*i = 10 - 2, 5*w - 3 = 4*i. Let l be 8 - 4 - 3 - w. Suppose 0 = p - l*p + 4. What are the prime factors of p?
2
Let g(r) = -3991*r - 922. List the prime factors of g(-9).
79, 443
Let c = -38810 + 57006. What are the prime factors of c?
2, 4549
Suppose -3*x + 34751 + 127552 = -3*y, 54102 = x - 2*y. List the prime factors of x.
2, 5, 541
Let o(d) = -3*d + 20. Let k be o(5). Suppose -7*i - 23616 = k*i. List the prime factors of (5/(-15))/(2/i*2).
2, 41
Let a(c) = 36*c**2 - 156*c - 328. What are the prime factors of a(-26)?
2, 877
Let x be (-2 + 3)/(18/77220). Suppose 4*s = x + 1086. List the prime factors of s.
2, 3, 7
Suppose 2*j + 2345 = 5*s, -s + 276 = 5*j - 220. Suppose -s = -2*u + 161. List the prime factors of -3 - u/(-4) - -3.
79
Let b(a) = 12 - 125 + 42*a - 6 - 15. What are the prime factors of b(7)?
2, 5
Let x(g) = 2*g**2 - 9. Suppose 2*k = 3*j - 181, -43 = -4*j + 2*k + 199. Let p = 58 - j. What are the prime factors of x(p)?
3
Suppose 0 = -l - 5*l. Suppose 3*q + 3*h - 1689 = l, -q + 341 + 218 = 3*h. Let b = q + -314. List the prime factors of b.
251
List the prime factors of -3 + (-175164)/(-2) + -15 + 21 + -6.
3, 37, 263
Let l(v) = -v**3 - 2*v**2 + v + 64. Suppose -33*n - 21 = -36*n. Suppose 2*t = 6*t - n*t. What are the prime factors of l(t)?
2
What are the prime factors of 96 + -94 - (-3 - (-4509)/15)*-5?
2, 5, 149
Suppose 0 = -v - 7*v - 2*v. Let n(t) = 27*t**3 + t**2 - 2*t. Let m be n(2). Suppose v*r = -4*r + m. List the prime factors of r.
2, 3
Let j(d) be the second derivative of 2/3*d**4 + 3/2*d**3 - 1/20*d**5 - 1/2*d**2 + 0 + 17*d. What are the prime factors of j(8)?
71
Suppose 9*t - 10001 = -1253. Suppose -15*s + t = -12*s. List the prime factors of s.
2, 3
Let s be (-76)/(-28) - 5/((-70)/4). Let z be (-1 - (s + -3)) + (3 - -3). Suppose -4*t + 522 = -3*f + 5*f, 0 = z*t + 4*f - 648. List the prime factors of t.
2, 3, 11
Suppose 45 = 23*y - 70. List the prime factors of 337 + (y - 7) - (-1 - 0).
2, 3, 7
Let q be 44/(-154) - 17218/7. List the prime factors of (q/(-35))/((-8)/(-28)).
2, 3, 41
Let q(j) = -2*j**2 - j + 53. Let z be q(-9). Let f = 246 + z. List the prime factors of f.
2, 73
Let l = 119 + -174. Let o = 68 + l. Let d(t) = t**3 - 15*t**2 + 28*t + 3. What are the prime factors of d(o)?
29
Suppose 90*q - 10 = 88*q. Suppose -q*o + 5*m = -20, 0 = 5*m - 5. What are the prime factors of o?
5
Let p = -24702 + 46443. What are the prime factors of p?
3, 7247
Let r = 26769 - 13099. List the prime factors of r.
2, 5, 1367
Let d be 58/10 - 4/5. Suppose -6 = 5*l - 3*o - 0*o, -4 = 5*l - 2*o. Suppose d*m + 2*m - 1155 = l. List the prime factors of m.
3, 5, 11
Let j be 66/15 + 0 - (-8)/(-20). Suppose -3*k + 406 = j*k. What are the prime factors of k?
2, 29
List the prime factors of 519838/19 + -6 + -87*(-32)/456.
2, 3, 5, 19
Suppose -48 = 21*o